{"id":1195,"date":"2022-01-25T16:41:00","date_gmt":"2022-01-25T16:41:00","guid":{"rendered":"https:\/\/bitacoradelalma.cl\/?page_id=1195"},"modified":"2026-04-16T20:52:27","modified_gmt":"2026-04-16T20:52:27","slug":"informacion","status":"publish","type":"page","link":"https:\/\/bitacoradelalma.cl\/index.php\/informacion\/","title":{"rendered":"Informaci\u00f3n"},"content":{"rendered":"\n<div style=\"height:29px\" aria-hidden=\"true\" class=\"wp-block-spacer\"><\/div>\n\n\n\n<p>\u00bfTe gustar\u00eda conocer m\u00e1s sobre Reiki? Puedes agendar una sesi\u00f3n de Sanaci\u00f3n con Reiki, o \u00bfPor qu\u00e9 no? \u00a1Incluso iniciarte! Ponte en contacto conmigo para m\u00e1s informaci\u00f3n y con gusto te ayudo!<\/p>\n\n\n\n<p>Revisa tambi\u00e9n, las otras terapias disponibles \ud83d\ude0a<\/p>\n\n\n\n<div style=\"height:35px\" aria-hidden=\"true\" class=\"wp-block-spacer\"><\/div>\n\n\n\n<h2 class=\"wp-block-heading\">Estos son los servicios que puedes realizar conmigo \ud83c\udf37<\/h2>\n\n\n\n<div style=\"height:19px\" aria-hidden=\"true\" class=\"wp-block-spacer\"><\/div>\n\n\n\n<ul class=\"wp-block-list\">\n<li>INICIACIONES EN REIKI SISTEMA TRADICIONAL USUI (Nivel  1 y 2 por el momento)<\/li>\n\n\n\n<li>TERAPIA DE SANACI\u00d3N CON REIKI (Presencial y a Distancia)<\/li>\n\n\n\n<li>SANACI\u00d3N CON REIKI A MASCOTAS<\/li>\n\n\n\n<li>TERAPIA FLORAL (Presencial y a Distancia)<\/li>\n\n\n\n<li>MASAJES RELAJANTES INTEGRALES (Cuerpo completo &#8211; Diferentes t\u00e9cnicas)<\/li>\n<\/ul>\n\n\n\n<div style=\"height:32px\" aria-hidden=\"true\" class=\"wp-block-spacer\"><\/div>\n\n\n\n<p><em>Si deseas solicitar una sesi\u00f3n, puedes revisar m\u00e1s aqu\u00ed<\/em> <\/p>\n\n\n\n<figure class=\"wp-block-embed is-type-wp-embed is-provider-bit-cora-del-alma wp-block-embed-bit-cora-del-alma\"><div class=\"wp-block-embed__wrapper\">\n<blockquote class=\"wp-embedded-content\" data-secret=\"YarWdFrj7W\"><a href=\"https:\/\/bitacoradelalma.cl\/index.php\/contacto\/\">Contacto<\/a><\/blockquote><iframe loading=\"lazy\" class=\"wp-embedded-content\" sandbox=\"allow-scripts\" security=\"restricted\" style=\"position: absolute; visibility: hidden;\" title=\"&#8220;Contacto&#8221; &#8212; Bit\u00e1cora del Alma\" src=\"https:\/\/bitacoradelalma.cl\/index.php\/contacto\/embed\/#?secret=pyjo4QqZDC#?secret=YarWdFrj7W\" data-secret=\"YarWdFrj7W\" width=\"600\" height=\"338\" frameborder=\"0\" marginwidth=\"0\" marginheight=\"0\" scrolling=\"no\"><\/iframe>\n<\/div><\/figure>\n\n\n\n<div style=\"height:43px\" aria-hidden=\"true\" class=\"wp-block-spacer\"><\/div>\n\n\n\n<h2 class=\"wp-block-heading\">Servicios de Atenci\u00f3n<\/h2>\n\n\n\n<figure class=\"wp-block-image size-large\"><img loading=\"lazy\" decoding=\"async\" width=\"1024\" height=\"1024\" src=\"https:\/\/bitacoradelalma.cl\/wp-content\/uploads\/2025\/02\/PARA-POSTEOS-INSTAGRAM-1024x1024.png\" alt=\"\" class=\"wp-image-1481\" srcset=\"https:\/\/bitacoradelalma.cl\/wp-content\/uploads\/2025\/02\/PARA-POSTEOS-INSTAGRAM-1024x1024.png 1024w, https:\/\/bitacoradelalma.cl\/wp-content\/uploads\/2025\/02\/PARA-POSTEOS-INSTAGRAM-300x300.png 300w, https:\/\/bitacoradelalma.cl\/wp-content\/uploads\/2025\/02\/PARA-POSTEOS-INSTAGRAM-150x150.png 150w, https:\/\/bitacoradelalma.cl\/wp-content\/uploads\/2025\/02\/PARA-POSTEOS-INSTAGRAM-768x768.png 768w, https:\/\/bitacoradelalma.cl\/wp-content\/uploads\/2025\/02\/PARA-POSTEOS-INSTAGRAM-600x600.png 600w, https:\/\/bitacoradelalma.cl\/wp-content\/uploads\/2025\/02\/PARA-POSTEOS-INSTAGRAM-75x75.png 75w, https:\/\/bitacoradelalma.cl\/wp-content\/uploads\/2025\/02\/PARA-POSTEOS-INSTAGRAM.png 1080w\" sizes=\"auto, (max-width: 1024px) 100vw, 1024px\" \/><\/figure>\n\n\n\n<div style=\"height:43px\" aria-hidden=\"true\" class=\"wp-block-spacer\"><\/div>\n\n\n<div class=\"wp-block-image\">\n<figure class=\"aligncenter size-large is-resized\"><img loading=\"lazy\" decoding=\"async\" width=\"1024\" height=\"892\" src=\"https:\/\/bitacoradelalma.cl\/wp-content\/uploads\/2023\/11\/Logo-para-wordpress-1024x892.png\" alt=\"\" class=\"wp-image-1398\" style=\"width:269px;height:auto\" srcset=\"https:\/\/bitacoradelalma.cl\/wp-content\/uploads\/2023\/11\/Logo-para-wordpress-1024x892.png 1024w, https:\/\/bitacoradelalma.cl\/wp-content\/uploads\/2023\/11\/Logo-para-wordpress-300x261.png 300w, https:\/\/bitacoradelalma.cl\/wp-content\/uploads\/2023\/11\/Logo-para-wordpress-768x669.png 768w, https:\/\/bitacoradelalma.cl\/wp-content\/uploads\/2023\/11\/Logo-para-wordpress-600x523.png 600w, https:\/\/bitacoradelalma.cl\/wp-content\/uploads\/2023\/11\/Logo-para-wordpress-1536x1338.png 1536w, https:\/\/bitacoradelalma.cl\/wp-content\/uploads\/2023\/11\/Logo-para-wordpress-2048x1784.png 2048w, https:\/\/bitacoradelalma.cl\/wp-content\/uploads\/2023\/11\/Logo-para-wordpress-1140x993.png 1140w\" sizes=\"auto, (max-width: 1024px) 100vw, 1024px\" \/><\/figure>\n<\/div>","protected":false},"excerpt":{"rendered":"<p>\u00bfTe gustar\u00eda conocer m\u00e1s sobre Reiki? Puedes agendar una sesi\u00f3n de Sanaci\u00f3n con Reiki, o \u00bfPor qu\u00e9 no? \u00a1Incluso iniciarte! Ponte en contacto conmigo para m\u00e1s informaci\u00f3n y con gusto te ayudo! Revisa tambi\u00e9n, las otras terapias disponibles \ud83d\ude0a Estos son los servicios que puedes realizar conmigo \ud83c\udf37 Si deseas solicitar una sesi\u00f3n, puedes revisar m\u00e1s aqu\u00ed Servicios de Atenci\u00f3n<\/p>\n","protected":false},"author":1,"featured_media":0,"parent":0,"menu_order":0,"comment_status":"closed","ping_status":"closed","template":"","meta":{"two_page_speed":[],"footnotes":""},"class_list":["post-1195","page","type-page","status-publish","hentry"],"yoast_head":"<!-- This site is optimized with the Yoast SEO plugin v27.5 - https:\/\/yoast.com\/product\/yoast-seo-wordpress\/ -->\n<title>Informaci\u00f3n - Bit\u00e1cora del Alma<\/title>\n<meta name=\"robots\" content=\"index, follow, max-snippet:-1, max-image-preview:large, max-video-preview:-1\" \/>\n<link rel=\"canonical\" href=\"https:\/\/bitacoradelalma.cl\/index.php\/informacion\/\" \/>\n<meta property=\"og:locale\" content=\"es_ES\" \/>\n<meta property=\"og:type\" content=\"article\" \/>\n<meta property=\"og:title\" content=\"Informaci\u00f3n - Bit\u00e1cora del Alma\" \/>\n<meta property=\"og:description\" content=\"\u00bfTe gustar\u00eda conocer m\u00e1s sobre Reiki? Puedes agendar una sesi\u00f3n de Sanaci\u00f3n con Reiki, o \u00bfPor qu\u00e9 no? \u00a1Incluso iniciarte! Ponte en contacto conmigo para m\u00e1s informaci\u00f3n y con gusto te ayudo! Revisa tambi\u00e9n, las otras terapias disponibles \ud83d\ude0a Estos son los servicios que puedes realizar conmigo \ud83c\udf37 Si deseas solicitar una sesi\u00f3n, puedes revisar m\u00e1s aqu\u00ed Servicios de Atenci\u00f3n\" \/>\n<meta property=\"og:url\" content=\"https:\/\/bitacoradelalma.cl\/index.php\/informacion\/\" \/>\n<meta property=\"og:site_name\" content=\"Bit\u00e1cora del Alma\" \/>\n<meta property=\"article:modified_time\" content=\"2026-04-16T20:52:27+00:00\" \/>\n<meta property=\"og:image\" content=\"https:\/\/bitacoradelalma.cl\/wp-content\/uploads\/2025\/02\/PARA-POSTEOS-INSTAGRAM.png\" \/>\n\t<meta property=\"og:image:width\" content=\"1080\" \/>\n\t<meta property=\"og:image:height\" content=\"1080\" \/>\n\t<meta property=\"og:image:type\" content=\"image\/png\" \/>\n<meta name=\"twitter:card\" content=\"summary_large_image\" \/>\n<meta name=\"twitter:label1\" content=\"Tiempo estimado de lectura\" \/>\n\t<meta name=\"twitter:data1\" content=\"1 minuto\" \/>\n<script type=\"application\/ld+json\" class=\"yoast-schema-graph\">{\"@context\":\"https:\\\/\\\/schema.org\",\"@graph\":[{\"@type\":\"WebPage\",\"@id\":\"https:\\\/\\\/bitacoradelalma.cl\\\/index.php\\\/informacion\\\/\",\"url\":\"https:\\\/\\\/bitacoradelalma.cl\\\/index.php\\\/informacion\\\/\",\"name\":\"Informaci\u00f3n - Bit\u00e1cora del Alma\",\"isPartOf\":{\"@id\":\"https:\\\/\\\/bitacoradelalma.cl\\\/#website\"},\"primaryImageOfPage\":{\"@id\":\"https:\\\/\\\/bitacoradelalma.cl\\\/index.php\\\/informacion\\\/#primaryimage\"},\"image\":{\"@id\":\"https:\\\/\\\/bitacoradelalma.cl\\\/index.php\\\/informacion\\\/#primaryimage\"},\"thumbnailUrl\":\"https:\\\/\\\/bitacoradelalma.cl\\\/wp-content\\\/uploads\\\/2025\\\/02\\\/PARA-POSTEOS-INSTAGRAM-1024x1024.png\",\"datePublished\":\"2022-01-25T16:41:00+00:00\",\"dateModified\":\"2026-04-16T20:52:27+00:00\",\"breadcrumb\":{\"@id\":\"https:\\\/\\\/bitacoradelalma.cl\\\/index.php\\\/informacion\\\/#breadcrumb\"},\"inLanguage\":\"es-CL\",\"potentialAction\":[{\"@type\":\"ReadAction\",\"target\":[\"https:\\\/\\\/bitacoradelalma.cl\\\/index.php\\\/informacion\\\/\"]}]},{\"@type\":\"ImageObject\",\"inLanguage\":\"es-CL\",\"@id\":\"https:\\\/\\\/bitacoradelalma.cl\\\/index.php\\\/informacion\\\/#primaryimage\",\"url\":\"https:\\\/\\\/bitacoradelalma.cl\\\/wp-content\\\/uploads\\\/2025\\\/02\\\/PARA-POSTEOS-INSTAGRAM.png\",\"contentUrl\":\"https:\\\/\\\/bitacoradelalma.cl\\\/wp-content\\\/uploads\\\/2025\\\/02\\\/PARA-POSTEOS-INSTAGRAM.png\",\"width\":1080,\"height\":1080},{\"@type\":\"BreadcrumbList\",\"@id\":\"https:\\\/\\\/bitacoradelalma.cl\\\/index.php\\\/informacion\\\/#breadcrumb\",\"itemListElement\":[{\"@type\":\"ListItem\",\"position\":1,\"name\":\"Portada\",\"item\":\"https:\\\/\\\/bitacoradelalma.cl\\\/\"},{\"@type\":\"ListItem\",\"position\":2,\"name\":\"Informaci\u00f3n\"}]},{\"@type\":\"WebSite\",\"@id\":\"https:\\\/\\\/bitacoradelalma.cl\\\/#website\",\"url\":\"https:\\\/\\\/bitacoradelalma.cl\\\/\",\"name\":\"Bit\u00e1cora del Alma\",\"description\":\"Sanaci\u00f3n y Crecimiento Personal\",\"publisher\":{\"@id\":\"https:\\\/\\\/bitacoradelalma.cl\\\/#organization\"},\"potentialAction\":[{\"@type\":\"SearchAction\",\"target\":{\"@type\":\"EntryPoint\",\"urlTemplate\":\"https:\\\/\\\/bitacoradelalma.cl\\\/?s={search_term_string}\"},\"query-input\":{\"@type\":\"PropertyValueSpecification\",\"valueRequired\":true,\"valueName\":\"search_term_string\"}}],\"inLanguage\":\"es-CL\"},{\"@type\":\"Organization\",\"@id\":\"https:\\\/\\\/bitacoradelalma.cl\\\/#organization\",\"name\":\"Bit\u00e1cora del Alma\",\"url\":\"https:\\\/\\\/bitacoradelalma.cl\\\/\",\"logo\":{\"@type\":\"ImageObject\",\"inLanguage\":\"es-CL\",\"@id\":\"https:\\\/\\\/bitacoradelalma.cl\\\/#\\\/schema\\\/logo\\\/image\\\/\",\"url\":\"https:\\\/\\\/bitacoradelalma.cl\\\/wp-content\\\/uploads\\\/2023\\\/08\\\/Bit-Del-Alma-05.png\",\"contentUrl\":\"https:\\\/\\\/bitacoradelalma.cl\\\/wp-content\\\/uploads\\\/2023\\\/08\\\/Bit-Del-Alma-05.png\",\"width\":11380,\"height\":9913,\"caption\":\"Bit\u00e1cora del Alma\"},\"image\":{\"@id\":\"https:\\\/\\\/bitacoradelalma.cl\\\/#\\\/schema\\\/logo\\\/image\\\/\"}}]}<\/script>\n<!-- \/ Yoast SEO plugin. -->","yoast_head_json":{"title":"Informaci\u00f3n - Bit\u00e1cora del Alma","robots":{"index":"index","follow":"follow","max-snippet":"max-snippet:-1","max-image-preview":"max-image-preview:large","max-video-preview":"max-video-preview:-1"},"canonical":"https:\/\/bitacoradelalma.cl\/index.php\/informacion\/","og_locale":"es_ES","og_type":"article","og_title":"Informaci\u00f3n - Bit\u00e1cora del Alma","og_description":"\u00bfTe gustar\u00eda conocer m\u00e1s sobre Reiki? Puedes agendar una sesi\u00f3n de Sanaci\u00f3n con Reiki, o \u00bfPor qu\u00e9 no? \u00a1Incluso iniciarte! Ponte en contacto conmigo para m\u00e1s informaci\u00f3n y con gusto te ayudo! Revisa tambi\u00e9n, las otras terapias disponibles \ud83d\ude0a Estos son los servicios que puedes realizar conmigo \ud83c\udf37 Si deseas solicitar una sesi\u00f3n, puedes revisar m\u00e1s aqu\u00ed Servicios de Atenci\u00f3n","og_url":"https:\/\/bitacoradelalma.cl\/index.php\/informacion\/","og_site_name":"Bit\u00e1cora del Alma","article_modified_time":"2026-04-16T20:52:27+00:00","og_image":[{"width":1080,"height":1080,"url":"https:\/\/bitacoradelalma.cl\/wp-content\/uploads\/2025\/02\/PARA-POSTEOS-INSTAGRAM.png","type":"image\/png"}],"twitter_card":"summary_large_image","twitter_misc":{"Tiempo estimado de lectura":"1 minuto"},"schema":{"@context":"https:\/\/schema.org","@graph":[{"@type":"WebPage","@id":"https:\/\/bitacoradelalma.cl\/index.php\/informacion\/","url":"https:\/\/bitacoradelalma.cl\/index.php\/informacion\/","name":"Informaci\u00f3n - Bit\u00e1cora del Alma","isPartOf":{"@id":"https:\/\/bitacoradelalma.cl\/#website"},"primaryImageOfPage":{"@id":"https:\/\/bitacoradelalma.cl\/index.php\/informacion\/#primaryimage"},"image":{"@id":"https:\/\/bitacoradelalma.cl\/index.php\/informacion\/#primaryimage"},"thumbnailUrl":"https:\/\/bitacoradelalma.cl\/wp-content\/uploads\/2025\/02\/PARA-POSTEOS-INSTAGRAM-1024x1024.png","datePublished":"2022-01-25T16:41:00+00:00","dateModified":"2026-04-16T20:52:27+00:00","breadcrumb":{"@id":"https:\/\/bitacoradelalma.cl\/index.php\/informacion\/#breadcrumb"},"inLanguage":"es-CL","potentialAction":[{"@type":"ReadAction","target":["https:\/\/bitacoradelalma.cl\/index.php\/informacion\/"]}]},{"@type":"ImageObject","inLanguage":"es-CL","@id":"https:\/\/bitacoradelalma.cl\/index.php\/informacion\/#primaryimage","url":"https:\/\/bitacoradelalma.cl\/wp-content\/uploads\/2025\/02\/PARA-POSTEOS-INSTAGRAM.png","contentUrl":"https:\/\/bitacoradelalma.cl\/wp-content\/uploads\/2025\/02\/PARA-POSTEOS-INSTAGRAM.png","width":1080,"height":1080},{"@type":"BreadcrumbList","@id":"https:\/\/bitacoradelalma.cl\/index.php\/informacion\/#breadcrumb","itemListElement":[{"@type":"ListItem","position":1,"name":"Portada","item":"https:\/\/bitacoradelalma.cl\/"},{"@type":"ListItem","position":2,"name":"Informaci\u00f3n"}]},{"@type":"WebSite","@id":"https:\/\/bitacoradelalma.cl\/#website","url":"https:\/\/bitacoradelalma.cl\/","name":"Bit\u00e1cora del Alma","description":"Sanaci\u00f3n y Crecimiento Personal","publisher":{"@id":"https:\/\/bitacoradelalma.cl\/#organization"},"potentialAction":[{"@type":"SearchAction","target":{"@type":"EntryPoint","urlTemplate":"https:\/\/bitacoradelalma.cl\/?s={search_term_string}"},"query-input":{"@type":"PropertyValueSpecification","valueRequired":true,"valueName":"search_term_string"}}],"inLanguage":"es-CL"},{"@type":"Organization","@id":"https:\/\/bitacoradelalma.cl\/#organization","name":"Bit\u00e1cora del Alma","url":"https:\/\/bitacoradelalma.cl\/","logo":{"@type":"ImageObject","inLanguage":"es-CL","@id":"https:\/\/bitacoradelalma.cl\/#\/schema\/logo\/image\/","url":"https:\/\/bitacoradelalma.cl\/wp-content\/uploads\/2023\/08\/Bit-Del-Alma-05.png","contentUrl":"https:\/\/bitacoradelalma.cl\/wp-content\/uploads\/2023\/08\/Bit-Del-Alma-05.png","width":11380,"height":9913,"caption":"Bit\u00e1cora del Alma"},"image":{"@id":"https:\/\/bitacoradelalma.cl\/#\/schema\/logo\/image\/"}}]}},"acf":[],"_links":{"self":[{"href":"https:\/\/bitacoradelalma.cl\/index.php\/wp-json\/wp\/v2\/pages\/1195","targetHints":{"allow":["GET"]}}],"collection":[{"href":"https:\/\/bitacoradelalma.cl\/index.php\/wp-json\/wp\/v2\/pages"}],"about":[{"href":"https:\/\/bitacoradelalma.cl\/index.php\/wp-json\/wp\/v2\/types\/page"}],"author":[{"embeddable":true,"href":"https:\/\/bitacoradelalma.cl\/index.php\/wp-json\/wp\/v2\/users\/1"}],"replies":[{"embeddable":true,"href":"https:\/\/bitacoradelalma.cl\/index.php\/wp-json\/wp\/v2\/comments?post=1195"}],"version-history":[{"count":7,"href":"https:\/\/bitacoradelalma.cl\/index.php\/wp-json\/wp\/v2\/pages\/1195\/revisions"}],"predecessor-version":[{"id":1491,"href":"https:\/\/bitacoradelalma.cl\/index.php\/wp-json\/wp\/v2\/pages\/1195\/revisions\/1491"}],"wp:attachment":[{"href":"https:\/\/bitacoradelalma.cl\/index.php\/wp-json\/wp\/v2\/media?parent=1195"}],"curies":[{"name":"wp","href":"https:\/\/api.w.org\/{rel}","templated":true}]}}